t is the hundreds digit of u?
6
Suppose 26*p = 3*g + 30*p - 8618, 2*g - 4*p - 5732 = 0. What is the hundreds digit of g?
8
Let u(g) = 3*g - 23. Let s be 9/(-12)*-3*4. Let v(i) = -i**2 + 9*i + 12. Let p be v(s). What is the units digit of u(p)?
3
Let l be (930/25)/((-2)/(-10)). Suppose -3*p + 291 = -l. What is the hundreds digit of p?
1
Let z = -187 - -990. What is the tens digit of z?
0
Let k = 525 + 1079. What is the thousands digit of k?
1
Let h(o) = o**2 - o + 5. Suppose -2*x - 26 = -k - 5, -k + x + 16 = 0. Let d = k - 6. What is the units digit of h(d)?
5
Suppose 0 = 18*i - 74*i + 177688. What is the units digit of i?
3
Let f(s) = -s**3 + 6*s**2 + 2*s - 9. Let j be f(6). Suppose -3*d + j*y - 7*y = -35, -5*d + 89 = -y. Suppose 1 = -4*i + d. What is the units digit of i?
4
Let j(y) = y**3 - 2*y**2 - 6*y - 11. Let v(u) = -3*u - 21. Let m be v(-9). What is the tens digit of j(m)?
9
Suppose t = -3*m + 5*t + 1027, -5*m + 1702 = 3*t. What is the hundreds digit of m?
3
Suppose 5*c - n = -20, 2*c + 2 = -3*n - 6. What is the hundreds digit of c + (2 + -3)*-157?
1
Let m be (-42)/(-18) - (-1)/(-3). Suppose 4*s = m*w - 8, 4*w - 3*s - 19 = 2*s. Let d(r) = 9*r - 3. What is the tens digit of d(w)?
5
Suppose -1 + 3 = -3*m - 2*l, 2*l + 16 = 4*m. Suppose m*f = 7 + 9. Suppose f*k - 11*k = -18. What is the units digit of k?
6
Suppose 351 = t - 10*t. Let o = 30 - t. What is the tens digit of o?
6
Suppose 798 = 2*z + 4*z. Let i = z + -52. What is the tens digit of i?
8
Suppose 9*x = 13*x + p - 1275, -p = -5*x + 1596. What is the hundreds digit of x?
3
Let o = -98 - -1099. What is the units digit of o?
1
Let y = 61 + -19. Suppose 0 = -2*w - 2*p - 20, -3*p - y = 4*w + w. What is the units digit of ((-60)/(-8))/(w/(-8))?
0
Suppose -406*w + 385*w = -51387. What is the tens digit of w?
4
Let l = 222 - 148. Suppose 4*a + l = 6*a. What is the units digit of a?
7
Suppose 2*i = x + 5*i + 3, 3*i + 3 = -3*x. What is the tens digit of ((-11 - x) + -4)*4/(-5)?
1
Suppose 0 - 16 = -4*a. Suppose 3*y + 148 = a*o - 54, -47 = -o - y. Let r = o - -9. What is the tens digit of r?
5
Let x = 2217 - 1574. What is the tens digit of x?
4
Let p(t) = -848*t - 5. What is the units digit of p(-1)?
3
Let s(r) = 6 + 34*r**2 - 5 + 0. What is the hundreds digit of s(-2)?
1
Suppose -2*z + 2 = 2*c, 4*c - 5*z = -0*z - 41. What is the tens digit of 0/(c/(-4)) - -136?
3
Let u(v) = 5*v**2 + 8*v - 6 - 3*v - v**3 - 7*v. Let y be u(4). Suppose 120 = k + y*k. What is the tens digit of k?
4
Suppose 0 = 4*p - 6*p - 18. Let h be (-1204)/p - (-6)/27. Suppose -3*g - 2*g + 128 = 3*n, -3*n - 2*g + h = 0. What is the units digit of n?
6
Let k(f) be the first derivative of 41*f**3/3 - 6*f**2 + 6*f + 15. What is the tens digit of k(3)?
3
Suppose 5*o - 3*o = -2*d, 4*o = -5*d + 4. What is the units digit of 5/((o + -1)/(-5))?
5
Let q(z) = 3*z**2 - 30*z + 28. What is the tens digit of q(17)?
8
Let h(w) = -w**2 + 2*w + 21. Let c be h(0). Let m = 9 - c. Let k = 54 + m. What is the units digit of k?
2
Let l(q) = q**3 + 6*q**2 + 4*q - 4. Suppose 5*z + 4 = -v + 5*v, 0 = 5*z + 4*v + 36. Let b be l(z). Let t = 19 + b. What is the units digit of t?
1
Let h be (-3)/(-7) + 15/(-35). Suppose h = 2*z + 22 - 58. Let c = -8 + z. What is the tens digit of c?
1
What is the units digit of ((-6520)/15)/(((-80)/15)/8)?
2
Let l(m) be the third derivative of 0*m + 0 + 1/2*m**3 + 6*m**2 + 1/24*m**6 - 1/30*m**5 - 1/12*m**4. What is the units digit of l(2)?
1
What is the thousands digit of (7 + (-315)/18)*776/(-6)?
1
Let f be (4/(-14))/((-1)/14). Suppose f = -0*z + z. What is the units digit of z?
4
Let a = 32 + -48. Let o be a/6*(-33)/22. Suppose 0*y + 5*y - 64 = -4*j, -4*j = -o*y - 64. What is the units digit of j?
6
Suppose 2*z - 28 = -i, i - 2*i - 24 = -2*z. Suppose -53 - z = -q. What is the tens digit of q?
6
Suppose 0 = -m + 3*m + 4*q - 248, 0 = -4*m - q + 531. Suppose -m = -3*w - p - 3*p, -184 = -4*w - 4*p. What is the units digit of w?
0
Let r(u) = -135*u**3 + 11*u**2 - 11*u + 5. Let m(o) = -90*o**3 + 7*o**2 - 7*o + 3. Let l(z) = 8*m(z) - 5*r(z). What is the tens digit of l(-1)?
4
What is the tens digit of (-117947)/(-79)*2/3*3?
8
Let x = -10 + 22. Let d = x - 9. Suppose -32 = -d*w + 58. What is the tens digit of w?
3
Let u = 7 + -16. Let j(c) = -7*c + 20. What is the tens digit of j(u)?
8
Suppose -2*u - 4*n + 2083 = u, 2*u + 3*n - 1388 = 0. What is the tens digit of u?
9
Suppose 13*v - 153 = 10*v. Suppose -v - 92 = -f. What is the units digit of f?
3
Suppose -6*c + 24 + 0 = 0. Suppose c*l = -4*a + 4, -a + 2*a = 4*l - 4. What is the units digit of -64*3/(-6)*l?
2
Let i(x) = x**2 - 6*x - 13. Let o(v) = 3*v**2 - 11*v - 27. Let j(u) = 5*i(u) - 2*o(u). Let f be j(-6). What is the units digit of (-4 - -3) + f*30?
9
Suppose -6*v = j - 9*v - 604, -4*v + 1258 = 2*j. What is the hundreds digit of j?
6
Let d(j) = -j**3 + 8*j**2 - 5*j + 34. Let k be d(8). Let h(s) = -s - 4. Let i be h(5). What is the tens digit of (26/3)/(k/i)?
1
Suppose 0 = -6*a + 51 + 303. What is the tens digit of a?
5
Let p(k) = -56*k + 57. What is the units digit of p(-5)?
7
Let y(f) be the third derivative of -f**6/120 + 25*f**3/2 + 2*f**2. Suppose -2*u + 3*u + 3 = 3*d, 2*u - 2 = -2*d. What is the units digit of y(u)?
5
Suppose -2*w + 421 - 1336 = -5*u, -w - 910 = -5*u. Let n(f) = -f + 4. Let a be n(0). Suppose -a*d + u - 57 = 0. What is the units digit of d?
1
Suppose 92442 = 5*g + 16*g. What is the thousands digit of g?
4
Let x(a) = 8*a**2 - 2*a - 1 - a - 4*a. What is the tens digit of x(-3)?
9
Suppose 4586 = -u + 5*u - 2*r, -r - 3 = 0. What is the tens digit of u?
4
Suppose 7*x - 15 = 4*x. Suppose d + x*c = 22 + 214, 2*d = 4*c + 402. What is the tens digit of d?
1
Suppose 3066 = -5*f + 7301. What is the units digit of f?
7
Let w(b) be the second derivative of -8*b**3/3 + 16*b**2 + 6*b + 2. What is the units digit of w(-15)?
2
Let l = 6807 - 3661. What is the hundreds digit of l?
1
Let w = -1857 - -3331. What is the hundreds digit of w?
4
Suppose -4*b - 1842 + 5737 = 3*p, 5*p = 25. What is the units digit of b?
0
Let c(u) = u**3 + 15*u**2 - 17*u - 43. What is the tens digit of c(-14)?
9
Let u(a) = a**3 + 8*a**2 + 6*a - 3. Let m be u(-7). Suppose -5*t - 193 = -m*k, 0*k = -2*k - 5*t + 59. Suppose 0 = -4*h + 2*h + k. What is the tens digit of h?
2
Let k(i) = -38*i**2 - 8*i + 2. Let g(b) = b. Let m(l) = -10*g(l) - k(l). Let x be -1 + 0/1 - 0. What is the units digit of m(x)?
8
Let n = -17 - -79. Let r be n/8 - 6/(-24). Suppose -5*z = -r*z + 156. What is the units digit of z?
2
Suppose 2*r - 2*l = 26, r + 18*l = 21*l + 11. Let m(d) = 14*d**2 + 6*d. Let g be m(-4). Suppose -r*a + g = -9*a. What is the tens digit of a?
4
Suppose 24 = 4*i - 16. Suppose 0 = n + 4*w + i, -n + 2*n = -5*w - 13. Suppose n*f - 1 = s - 13, -5*s = f - 115. What is the tens digit of s?
2
Let i be 1*((-3)/(-2))/(2/(-60)). Suppose 3*m + m + 76 = 0. Let c = m - i. What is the units digit of c?
6
Let u(o) = o**3 + 22*o**2 - 17*o + 11. Let t be u(-19). Suppose 9*w - t = -4*w. What is the units digit of w?
9
Suppose o + 2*o = 2*l + 179, 4*o - 4*l = 244. Suppose 5*w - o - 48 = 0. What is the units digit of w?
1
Let r = -97 - -96. What is the units digit of (-6)/r*39/18?
3
Suppose -j = -5*f + 11, 4*j + f = 3*f + 10. Suppose -j*v + b + 58 = 0, v + 6*b - 23 = 2*b. Let k = -8 + v. What is the units digit of k?
7
Let z = 350 - -17. What is the hundreds digit of z?
3
Let r be (2 - -1177) + (11 - 7). What is the tens digit of r/(-26)*12/(-7)?
7
Let i(l) = -13*l - 5. Let y be (3 - 7 - -1)*-1. Let z = y + -7. What is the units digit of i(z)?
7
Let f(b) = b**3 + 3*b**2 - 8*b - 19. Let q be f(-3). Suppose -i - 3*i + 198 = 2*h, q*h - 3*i = 482. What is the units digit of h?
7
Let c(o) = -o**2 - 11 + 17 - 12 + 23*o. What is the units digit of c(19)?
0
Suppose -32 = 4*c + 5*r, -22 = 5*c - 3*r + 55. Let y = c - -17. What is the tens digit of 492/27 - y/18?
1
Suppose -10*l + 5*l + 20 = 0. What is the units digit of (-88)/(-3) + l + (-1)/3?
3
Let v(m) = 13*m - 14. Suppose -5*t + 14 = 4. What is the tens digit of v(t)?
1
Let h be 0 - (-1)/(3/(-18)). Let w be 3 - -2*(-3)/h. What is the units digit of (-123)/(-12) - 1/w?
0
Let z(r) be the first derivative of -r**5/60 + 17*r**4/24 - 13*r**3/6 + 3*r**2 + 8. Let t(w) be the sec